 (-1005)/(-9) - 2/d. Let s = p + -63. What are the prime factors of s?
2, 3
Let n = -1658 - -3196. What are the prime factors of n?
2, 769
Let p(x) = 2*x**2 - 8*x + 4. Let i be p(5). Let a be 6/21 + (-32)/i. What are the prime factors of 1/(a + (-27)/(-13))?
13
Suppose 584 = 3*t - v - 859, -3*v + 2391 = 5*t. List the prime factors of t.
2, 3, 5
Let d(g) = 758*g + 131. List the prime factors of d(2).
3, 61
Suppose -11*j - 16 = -7*j, -4*n - 4*j + 5744 = 0. List the prime factors of n.
2, 3, 5
Let o = -92 - -92. Suppose o = -5*g + g - 3*w + 899, 5*g + 2*w - 1115 = 0. List the prime factors of g.
13, 17
Let x(t) be the second derivative of 5*t**3/6 + 3*t**2 - 9*t. List the prime factors of x(6).
2, 3
Let j(n) = -3*n + 4. Let k be j(3). Let o be 2 - k/((-20)/(-148)). List the prime factors of o - ((-6)/2 - -3).
3, 13
Let l(m) = 42*m**2 + 7*m - 5. Let r be l(2). Suppose 213 = b - 4*y, y + 39 = b - r. List the prime factors of b.
7, 31
Suppose 4 - 1 = 3*z. Let y be (z - 5)*(-3)/3. Suppose -22 - 54 = -y*v. What are the prime factors of v?
19
Let y(p) = -p**2 + 9*p + 2. Let d be y(9). Suppose d*f - 60 = f. Suppose f = -7*s + 12*s. List the prime factors of s.
2, 3
Suppose -4*t = -11*t + 1855. Let k = -121 + t. What are the prime factors of k?
2, 3
Let c(l) = 1707*l**2 - 3*l + 1. What are the prime factors of c(-1)?
29, 59
Suppose 0*t = 5*t - 10. Suppose -f - 45 = -t*x, 0*f = -5*x + 3*f + 112. What are the prime factors of x?
23
Let u(r) = -152*r - 119. What are the prime factors of u(-14)?
7, 41
Let u be ((3 - 1) + -9)*-52. Suppose -u = -6*p + 458. List the prime factors of p.
137
Let f(g) = -4*g**2 - 3*g**2 + 3*g**2 + 3*g**2 - 15*g + 3. List the prime factors of f(-11).
47
Let x = 75 - 73. Suppose x*p = 4*a + 118 + 138, -4*p + 490 = 3*a. What are the prime factors of p?
2, 31
Suppose 6*n - n = 1325. List the prime factors of n.
5, 53
Suppose -2*s = -7*s + 25. Let d be 0/((3 - 1) + -3). Suppose 3*r = 3*y + 54, d*y + s = y. What are the prime factors of r?
23
Let k be -8 + 0 + -2*(1 + 0). Let g(f) = -f**3 - 9*f**2 + 9*f + 14. List the prime factors of g(k).
2, 3
Let r(u) be the third derivative of -u**7/1260 + u**6/144 + u**5/12 - 2*u**2. Let v(h) be the third derivative of r(h). List the prime factors of v(-5).
5
Let w = -1201 - -2087. List the prime factors of w.
2, 443
Let q be (-2*3/3)/((-1)/182). Suppose q + 314 = 5*a - h, -5*h = -a + 126. What are the prime factors of a?
2, 17
Let y = -191 + 2176. List the prime factors of y/20 + (-2)/8.
3, 11
Let q be (-56)/(-30) + 2/15. Suppose -17 = -5*o + n + 24, -q*o - 3*n = -13. List the prime factors of 60/o*(-8)/(-5).
2, 3
Let h be (-6)/(-4) - 6/12. Let d be (-1)/((-4)/748*h). Suppose 3*k = 4*w + d, 3*k - 185 = 2*w - 0*w. List the prime factors of k.
61
Let d(n) = -n**3 + 16*n**2 - 15*n + 20. What are the prime factors of d(11)?
2, 5, 23
Let y be (-1)/6 + 25/6. Let d = 2 - y. List the prime factors of -8*(1 + -1 + d).
2
Let b be 0/1 - (-39 + 2). Suppose -i + 2 = 28. Let g = i + b. What are the prime factors of g?
11
Let h = 6 - 2. Let a(k) = 10 - 2*k + 5 - k + h*k. What are the prime factors of a(14)?
29
Let y(c) = -109*c - 215. What are the prime factors of y(-14)?
3, 19, 23
Let s be (1*-1)/(2/(-14)). Suppose 442 = -58*q + 84*q. Suppose q + s = 3*m. List the prime factors of m.
2
Let g(k) = 3*k. Let l be g(1). Suppose 0 = l*y - 43 - 110. Let q = y - 26. What are the prime factors of q?
5
Suppose 154 = 6*u - 608. List the prime factors of u.
127
Suppose 5*z - 3*p = 10838, 2*z - 2941 = 2*p + 1395. What are the prime factors of z?
11, 197
Let n = 27 - 11. Let m be (-6)/4*n/(-6). Suppose 3 = 2*c + 5*r, -m*c + 9 + 2 = 5*r. What are the prime factors of c?
2
Let w = 70 + -61. Suppose -82 = -l - w. List the prime factors of l.
73
Let c be (-1)/((6/(-4))/3). Suppose -c*l + 0*d = 4*d + 10, -2 = l + d. What are the prime factors of l - ((-2)/(-1) - 12)?
11
Let a(s) = -s**2 + 10*s + 11. Let d = -5 - -17. Let h be a(d). Let z = 36 + h. List the prime factors of z.
23
Suppose m + 20 = 4*d, -4*m - 10 = -d + 25. Let x be (m - -9)/(2/134). Suppose 5*v - v = 5*l - x, -3*v = -3*l + 39. What are the prime factors of l?
3, 5
Let o(v) = -4*v**3 - v**2 + 5*v + 6. Let y(i) = -2*i**2 + 4. Let w be y(2). What are the prime factors of o(w)?
2, 113
Let f = 2274 + -1395. What are the prime factors of f?
3, 293
Suppose 45*j + 25*j - 248290 = 0. What are the prime factors of j?
3547
Let r(d) = 105*d + 18. Let q be r(2). Let p = -134 + q. What are the prime factors of p?
2, 47
Let z(t) = 2*t**2 - 2*t - 2. Let i be z(-1). Let q = -5 - -8. Suppose i*u = q*u - 22. List the prime factors of u.
2, 11
Suppose -4*x = -4 - 28. Let k(u) = -17*u**2 - 1 - 6 + 18*u**2 + 5*u - 11*u. List the prime factors of k(x).
3
Suppose -17*k = -8*k - 16065. List the prime factors of k.
3, 5, 7, 17
Let g = 798 - 370. List the prime factors of g.
2, 107
Let b = -164 - -43. Let f(i) = 17*i + 1. Let p be f(10). Let y = p + b. What are the prime factors of y?
2, 5
Suppose -3*y = -y - 8. Suppose w - 13 = i - y*i, -5*w + 11 = -3*i. Suppose 5*p - 4 = w*p. What are the prime factors of p?
2
List the prime factors of (-18)/(-30)*(6 - 1) - -1463.
2, 733
Let g = -1731 - -5805. List the prime factors of g.
2, 3, 7, 97
Let x be (-1)/(-2) + (-60)/(-24). Suppose 5*j = x*a - 14, -3*a + 4*j + 6 = -7. What are the prime factors of 2*a/((-3)/(-16))?
2
Suppose 5*p - 34 - 16 = 0. Suppose -5*k - 5 = -2*v, 0 = v + 4*k + 1 - p. List the prime factors of v.
5
Suppose 2*a + 7391 = 3*m - 3*a, -5*m = -5*a - 12325. List the prime factors of m.
2467
Suppose -17*f + 22*f + 270 = 0. Let c = -11 - f. List the prime factors of c.
43
Let j(c) = -c + 25. Let t be j(5). Suppose 8*h - t = -2*h. What are the prime factors of h?
2
Let n = -11 - -11. Suppose 0 = 3*l - n - 9. Suppose 0 = -2*r - l*d + 34, 1 - 5 = 2*d. What are the prime factors of r?
2, 5
Let f(t) = 28*t + 16 - 28*t - t**2 - 1. Let j = -22 + 22. List the prime factors of f(j).
3, 5
Let j = 66 + -40. Let d = j - 21. Let x = d + 21. List the prime factors of x.
2, 13
Let i(v) = v**3 + 5*v**2 - 4*v - 16. Let c be i(-5). Suppose -c*p + 123 = -205. What are the prime factors of p?
2, 41
Suppose -2*s = -4*y + 460, 0*s - 230 = -2*y + 4*s. Suppose 65 = 3*f - q, f = 6*f + 5*q - y. Let o = f + -14. List the prime factors of o.
2
Suppose -4*x + 3283 = 5*g, 17*g = 12*g + 5*x + 3310. List the prime factors of g.
659
Let k(y) = 26*y**2 - 5*y - 2. Let a be k(5). Suppose 12 = 3*s, -3*d - 2*s + a = 216. Let x = d - 93. What are the prime factors of x?
2, 5
Suppose 4*q = 12 + 48. Suppose q = p - 3. Suppose 37 = 5*n - p. List the prime factors of n.
11
Suppose -z - 4 - 6 = 0. Let a be (-18)/z + 2/10. Suppose -a*o + 97 = -39. List the prime factors of o.
2, 17
Let z(s) = 7*s**3 - 10*s**2 - 9*s + 36. What are the prime factors of z(8)?
2, 727
Let l(p) = 6*p + 51. List the prime factors of l(39).
3, 5, 19
What are the prime factors of 22/(-187) + (-36390)/(-85)?
2, 107
Suppose x = 3*x - 8. Suppose -252 = -5*t + 3*g, -58 = x*t - g - 261. List the prime factors of t.
3, 17
Let p(s) = s**2 - 13*s + 2. Let o be p(13). Suppose o*d + 24 = 5*d. What are the prime factors of d?
2
Suppose 10*u - 4*s + 278 = 13*u, -3*u + s = -298. Suppose u = 5*m - 762. List the prime factors of m.
2, 43
Suppose -13*f = -17*f + 744. Let a = f - 131. What are the prime factors of a?
5, 11
Suppose 10 = 4*w - 2*f, 4*f - f + 5 = -4*w. Let m be -3 + (2 - (w - 0)). Let p(q) = -14*q - 4. What are the prime factors of p(m)?
2, 3
Let u(v) = -v**3 - 64*v**2 - 48*v - 186. List the prime factors of u(-64).
2, 3, 13, 37
Suppose 0 = 3*d - 6 - 6. Suppose 15 = 5*l - 0*k - 2*k, d*l = k + 15. Suppose 38 = 5*h - l*b - 22, b = 4*h - 33. List the prime factors of h.
7
Let r be -1*45*16/(-40). Let y = r + -26. List the prime factors of (-110)/(-8) - 2/y.
2, 7
Suppose 3*r - 2*r = 4. Let x(l) = 6*l**3 + 2*l**2 - 1. Let m be x(1). Suppose r*i = m*i - 57. List the prime factors of i.
19
Let y(d) = -d**3 + 18*d**2 + d - 18. Let f be y(18). Suppose -78 = -3*t - 3*l - 21, -5*t + 4*l + 122 = f. List the prime factors of t.
2, 11
List the prime factors of 1 + (-2440)/(-5) + -6.
3, 7, 23
Suppose 13*b - 3823 = 4822. List the prime factors of b.
5, 7, 19
Suppose 6*s = -23*s + 39005. List the prime factors of s.
5